?
-1021311131
2b8bc (base 15) to base 11
964a3
32110213133 (base 4) to base 3
21001202011012
What is 16651352 (base 7) in base 11?
a222a5
1c0ca (base 16) to base 14
2dc26
What is 2a161 (base 13) in base 6?
1411152
122102001 (base 3) to base 8
30623
-334111 (base 6) to base 11
-1a147
Convert 1110010101001100 (base 2) to base 12.
29b78
What is -21605b4 (base 12) in base 6?
-344003544
Convert -202302330 (base 4) to base 14.
-39d24
What is -8559c (base 13) in base 9?
-405743
Convert 3443001 (base 5) to base 10.
62251
What is 5125 (base 8) in base 7?
10466
25a7a (base 14) to base 4
112213030
Convert -1333d0 (base 14) to base 10.
-662074
-1301424413 (base 5) to base 14
-5c1abd
-bb17b (base 12) to base 7
-2050055
What is -3050 (base 6) in base 12?
-486
416a7 (base 14) to base 15
31b06
Convert 3633076 (base 9) to base 15.
28dd06
Convert -1111100010110100 (base 2) to base 9.
-106302
Convert -11000000100000000101 (base 2) to base 13.
-217b79
Convert -27981 (base 16) to base 14.
-43161
-250210321 (base 6) to base 4
-102031333021
6eec4 (base 15) to base 6
11332234
What is -402010 (base 7) in base 10?
-67921
Convert -357769 (base 10) to base 13.
-c6ac9
What is 110011001111000010001111 (base 2) in base 10?
13430927
What is -1111011000100110000100 (base 2) in base 6?
-222234500
What is -1551322 (base 7) in base 13?
-76657
-1043065 (base 7) to base 3
-20112000221
-4cc30a (base 13) to base 2
-111000100110101000001
-1103107 (base 8) to base 13
-a4c72
Convert -494040 (base 12) to base 5.
-301021122
Convert 2c56b0 (base 15) to base 4.
20023212000
Convert -12055565 (base 7) to base 10.
-1072853
-52afa (base 16) to base 6
-11131550
-8a18c5 (base 13) to base 9
-6117368
1b8217 (base 13) to base 2
10101011101110100110
-3266015 (base 8) to base 15
-12596e
What is 8887835 (base 10) in base 14?
1275015
4125023 (base 8) to base 10
1092115
What is 163708 (base 10) in base 15?
3378d
Convert 25a5b (base 14) to base 15.
1c67d
-5426220 (base 7) to base 6
-22110513
What is 11103210212 (base 4) in base 6?
45451142
Convert 3b20a (base 12) to base 7.
456436
-137763 (base 10) to base 12
-67883
-7a50d (base 15) to base 14
-a1c07
113312 (base 10) to base 4
123222200
-1b0154 (base 15) to base 6
-44115054
Convert -13342055 (base 6) to base 13.
-129416
Convert 4d4d5c (base 15) to base 8.
16122211
Convert -1642e2 (base 16) to base 8.
-5441342
146652 (base 11) to base 6
4521200
What is 1331223 (base 4) in base 13?
3879
Convert -13286a5 (base 12) to base 6.
-213112325
Convert -45340 (base 8) to base 3.
-222021221
Convert -4410433 (base 7) to base 9.
-1013314
-452e3 (base 15) to base 12
-a7406
-ee53d (base 15) to base 10
-757183
Convert -5a1523 (base 11) to base 2.
-11101000110100011010
Convert 567851 (base 9) to base 2.
1010011000110111000
What is 4024263 (base 7) in base 14?
c5b33
What is -17771 (base 13) in base 11?
-30a75
What is -43149 (base 10) in base 13?
-16842
Convert -4756e0 (base 15) to base 5.
-1333112220
339ca3 (base 13) to base 2
100101010001101111000
223310321 (base 4) to base 14
495c5
What is -3406136 (base 7) in base 5?
-102003214
1033000003 (base 4) to base 3
121102212201
Convert 99490 (base 10) to base 15.
1e72a
Convert 11111011001101001110 (base 2) to base 9.
1837388
Convert -1505550 (base 6) to base 16.
-1532a
-48aa351 (base 12) to base 7
-231232666
Convert -1338b6 (base 12) to base 8.
-1154112
What is -3281c (base 13) in base 2?
-10110010100111110
Convert 65bb1 (base 13) to base 10.
184354
What is -10020122100120 (base 3) in base 7?
-20443236
What is 111101100111100101111 (base 2) in base 9?
3716635
-10100010101100111011111 (base 2) to base 16
-5159df
What is -21426 (base 11) in base 14?
-b4b3
Convert 1010001110011011001100 (base 2) to base 4.
22032123030
What is -539982 (base 15) in base 9?
-7437245
Convert -5b94 (base 13) to base 12.
-7605
What is -10000110100001010000110 (base 2) in base 5?
-2112023232
What is -b6a89 (base 16) in base 15?
-eba2e
Convert 20158134 (base 9) to base 2.
100100110111010011111000
What is 23200002023 (base 4) in base 8?
13400213
-33021111 (base 7) to base 10
-2828778
686b25 (base 12) to base 2
110010111111011001101
Convert -100331221123 (base 4) to base 7.
-52540315
What is 40717c (base 13) in base 6?
52100131
Convert -1422144 (base 6) to base 13.
-2aa51
Convert -2eb4ca (base 15) to base 9.
-4232871
Convert -1002110002 (base 3) to base 15.
-6562
62037 (base 8) to base 5
1310011
23223121203 (base 4) to base 2
1011101011011001100011
Convert -134ad (base 14) to base 2.
-1011100111100001
What is -378757 (base 9) in base 4?
-320002111
Convert 1001010011111101010010 (base 2) to base 16.
253f52
-108ad5 (base 14) to base 4
-2021030003
9453 (base 11) to base 2
11000011101001
What is -102134 (base 10) in base 11?
-6a80a
36027 (base 8) to base 4
3300113
What is -5b3c6b (base 14) in base 4?
-23322103013
Convert -8bc05 (base 13) to base 3.
-110221100220
-13c1735 (base 14) to base 10
-9608163
-145261 (base 10) to base 16
-2376d
What is 2233310040 (base 5) in base 14?
9385c6
What is 530057 (base 10) in base 16?
81689
What is 186476 (base 9) in base 13?
40c26
What is -7a7607 (base 11) in base 12?
-51ab49
What is 113332303 (base 5) in base 8?
2005543
-13ea5 (base 16) to base 3
-11010220020
-10012220211 (base 3) to base 13
-22ac2
What is -435882 (base 13) in base 14?
-2d300a
Convert 2402402 (base 6) to base 14.
337a2
a72b62 (base 12) to base 4
22010023322
-2054112 (base 6) to base 16
-1895c
-73b9d (base 14) to base 9
-465277
Convert -2384986 (base 10) to base 6.
-123041334
774806 (base 14) to base 3
21121120101101
What is -379630 (base 12) in base 2?
-11011101101101000100
What is -1122010330 (base 4) in base 16?
-5a13c
Convert 46719 (base 11) to base 14.
1a7d7
-502561 (base 9) to base 13
-a5349
Convert -512056 (base 8) to base 15.
-35121
What is -10022355 (base 7) in base 9?
-1503423
-40422331 (base 6) to base 15
-17bdd4
12111103 (base 5) to base 6
2232234
-663896 (base 12) to base 10
-1623858
31265036 (base 8) to base 3
110111200000100
What is -6172053 (base 8) in base 2?
-110001111010000101011
What is -100010010111110110 (base 2) in base 13?
-4c110
What is 1791b5a (base 12) in base 13?
1032565
246c0 (base 15) to base 16
1c638
What is 133321010 (base 4) in base 10?
130628
-841a52 (base 13) to base 8
-13620236
18b (base 14) to base 9
384
What is -27251 (base 8) in base 3?
-121101102
Convert 1d127 (base 14) to base 16.
1224f
What is 4622330 (base 7) in base 16?
8ce46
What is -1c223 (base 15) in base 5?
-10412413
84768 (base 11) to base 13
44203
What is 140410 (base 5) in base 12?
3396
Convert 7631057 (base 9) to base 8.
17475575
What is -54232164 (base 7) in base 11?
-2682579
Convert 48d07 (base 15) to base 3.
102210211121
Convert -10211112 (base 5) to base 11.
-58a86
What is -100101000001011010100 (base 2) in base 10?
-1213140
-1140214 (base 6) to base 12
-2a66a
-13a2 (base 15) to base 5
-113302
Convert 18b2155 (base 13) to base 7.
125661453
Convert -21842 (base 13) to base 2.
-1110110100110101
Convert 10032502 (base 6) to base 15.
59428
What is 202222331331 (base 4) in base 6?
522450113
What is -54605 (base 8) in base 13?
-a57b
What is -1125501 (base 7) in base 2?
-100010011110100011
What is -6bc78 (base 14) in base 9?
-440855
What is -1001110111100001000 (base 2) in base 15?
-65c0b
c01245 (base 14) to base 7
105612215
Convert 3b0ba (base 12) to base 4.
103313032
What is -2201004 (base 7) in base 3?
-111200100120
-5741326 (base 9) to base 6
-150221340
-144721 (base 16) to base 3
-2111111221121
Convert 22a0d (base 14) to base 11.
58370
-111542 (base 8) to base 2
-1001001101100010
Convert d0b06 (base 14) to base 9.
844020
Convert 1021020122 (base 3) to base 14.
9153
Convert -848b2 (base 14) to base 8.
-1161034
Convert -18751c2 (base 14) to base 5.
-11100141001
Convert -7041162 (base 8) to base 7.
-21512320
2022120221 (base 4) to base 15
b2e35
What is 1671861 (base 12) in base 11?
2680438
Convert 708a70 (base 12) to base 3.
10022021101110
Convert 1100101101001011011100 (base 2) to base 7.
40211505
What is 113133133 (base 4) in base 13?
34a4a
Convert -20103313020 (base 4) to base 14.
-409cb6
What is 6950 (base 14) in base 13?
8437
What is -667684 (base 11) in base 13?
-2b3573
What is -12201020011 (base 3) in base 7?
-645535
Convert -20413301 (base 5) to ba